e remainder when 11917 is divided by 1686?
115
What is the remainder when 917 is divided by 193?
145
What is the remainder when 52683 is divided by 47?
43
Calculate the remainder when 2702 is divided by 54.
2
Calculate the remainder when 18531 is divided by 394.
13
Calculate the remainder when 81409 is divided by 857.
851
Calculate the remainder when 4788712 is divided by 14.
12
Calculate the remainder when 679 is divided by 437.
242
Calculate the remainder when 184 is divided by 39.
28
What is the remainder when 1649059 is divided by 70?
69
What is the remainder when 3074 is divided by 283?
244
What is the remainder when 162665 is divided by 81292?
81
Calculate the remainder when 28382 is divided by 917.
872
What is the remainder when 38914 is divided by 40?
34
What is the remainder when 21670 is divided by 78?
64
Calculate the remainder when 32319 is divided by 16105.
109
What is the remainder when 6246 is divided by 874?
128
Calculate the remainder when 3530 is divided by 703.
15
Calculate the remainder when 61038 is divided by 16.
14
Calculate the remainder when 25141 is divided by 355.
291
Calculate the remainder when 23067 is divided by 23061.
6
What is the remainder when 111481 is divided by 22283?
66
What is the remainder when 3764 is divided by 312?
20
What is the remainder when 158344 is divided by 114?
112
What is the remainder when 50086 is divided by 8?
6
Calculate the remainder when 7098 is divided by 1118.
390
Calculate the remainder when 166488 is divided by 2601.
24
Calculate the remainder when 260090 is divided by 77.
61
Calculate the remainder when 8607 is divided by 1674.
237
What is the remainder when 339986 is divided by 99?
20
Calculate the remainder when 90813 is divided by 14.
9
Calculate the remainder when 15044 is divided by 795.
734
What is the remainder when 1763 is divided by 418?
91
Calculate the remainder when 247947 is divided by 145.
142
Calculate the remainder when 64354 is divided by 2147.
2091
Calculate the remainder when 67497 is divided by 375.
372
Calculate the remainder when 67352 is divided by 274.
222
Calculate the remainder when 272106 is divided by 853.
852
What is the remainder when 104369 is divided by 710?
709
Calculate the remainder when 1191207 is divided by 35.
17
What is the remainder when 700 is divided by 274?
152
What is the remainder when 1918 is divided by 544?
286
What is the remainder when 147 is divided by 134?
13
Calculate the remainder when 136392 is divided by 842.
830
Calculate the remainder when 56303 is divided by 35.
23
What is the remainder when 41125 is divided by 1142?
13
What is the remainder when 178867 is divided by 4065?
7
What is the remainder when 30112 is divided by 5018?
4
What is the remainder when 901291 is divided by 49?
34
What is the remainder when 48479 is divided by 56?
39
What is the remainder when 796549 is divided by 50?
49
What is the remainder when 140758 is divided by 170?
168
Calculate the remainder when 2695 is divided by 335.
15
What is the remainder when 15295 is divided by 2174?
77
Calculate the remainder when 5666 is divided by 1881.
23
What is the remainder when 6128 is divided by 51?
8
What is the remainder when 27486 is divided by 13726?
34
What is the remainder when 7414350 is divided by 133?
132
Calculate the remainder when 284619 is divided by 532.
531
What is the remainder when 22871 is divided by 189?
2
Calculate the remainder when 11917 is divided by 225.
217
Calculate the remainder when 247636 is divided by 24.
4
Calculate the remainder when 82300 is divided by 22.
20
What is the remainder when 5345 is divided by 927?
710
Calculate the remainder when 14724 is divided by 37.
35
What is the remainder when 266596 is divided by 176?
132
What is the remainder when 10996 is divided by 702?
466
What is the remainder when 8552 is divided by 2694?
470
Calculate the remainder when 293956 is divided by 73481.
32
What is the remainder when 171100 is divided by 1501?
1487
What is the remainder when 24993 is divided by 63?
45
What is the remainder when 100223 is divided by 68?
59
Calculate the remainder when 25798 is divided by 12891.
16
What is the remainder when 80195 is divided by 469?
465
Calculate the remainder when 35500 is divided by 35490.
10
What is the remainder when 127277 is divided by 20?
17
Calculate the remainder when 2935 is divided by 138.
37
What is the remainder when 901520 is divided by 225372?
32
What is the remainder when 32721 is divided by 352?
337
Calculate the remainder when 1182 is divided by 235.
7
Calculate the remainder when 434932 is divided by 144967.
31
What is the remainder when 16992 is divided by 386?
8
Calculate the remainder when 4263 is divided by 950.
463
What is the remainder when 372 is divided by 13?
8
What is the remainder when 1646 is divided by 865?
781
Calculate the remainder when 40236 is divided by 2488.
428
Calculate the remainder when 655016 is divided by 270.
266
Calculate the remainder when 1151100 is divided by 736.
732
What is the remainder when 5367 is divided by 834?
363
Calculate the remainder when 6268 is divided by 1325.
968
What is the remainder when 4906 is divided by 54?
46
What is the remainder when 832 is divided by 125?
82
What is the remainder when 10258 is divided by 10?
8
Calculate the remainder when 25670 is divided by 25648.
22
What is the remainder when 283084 is divided by 16?
12
What is the remainder when 1517779 is divided by 35297?
8
What is the remainder when 63288 is divided by 64?
56
What is the remainder when 5735 is divided by 46?
31
Calculate the remainder when 5053 is divided by 56.
13
Calculate the remainder when 42259 is divided by 1210.
1119
What is the remainder when 381454 is divided by 144?
142
What is the remainder when 14408 is divided by 245?
198
Calculate the remainder when 673384 is divided by 740.
724
Calculate the remainder when 209994 is divided by 700.
694
What is the remainder when 9599 is divided by 2383?
67
What is the remainder when 44155 is divided by 1226?
19
What is the remainder when 6349 is divided by 41?
35
What is the remainder when 2950 is divided by 109?
7
Calculate the remainder when 20468 is divided by 3407.
26
Calculate the remainder when 12369 is divided by 224.
49
What is the remainder when 1504 is divided by 49?
34
What is the remainder when 2734 is divided by 862?
148
What is the remainder when 130172 is divided by 242?
218
Calculate the remainder when 907 is divided by 767.
140
What is the remainder when 1000 is divided by 144?
136
Calculate the remainder when 8287 is divided by 44.
15
Calculate the remainder when 104883 is divided by 345.
3
Calculate the remainder when 2750283 is divided by 6.
3
What is the remainder when 6679 is divided by 76?
67
What is the remainder when 1080 is divided by 388?
304
What is the remainder when 1006360 is divided by 37272?
16
What is the remainder when 556 is divided by 405?
151
What is the remainder when 74991 is divided by 19?
17
Calculate the remainder when 6395 is divided by 778.
171
What is the remainder when 101099 is divided by 41?
34
What is the remainder when 3523 is divided by 2987?
536
Calculate the remainder when 93705 is divided by 267.
255
What is the remainder when 189535 is divided by 78?
73
Calculate the remainder when 9909 is divided by 12.
9
What is the remainder when 832 is divided by 378?
76
Calculate the remainder when 201045 is divided by 539.
537
Calculate the remainder when 21335 is divided by 184.
175
What is the remainder when 27121 is divided by 1130?
1
What is the remainder when 615 is divided by 157?
144
Calculate the remainder when 182911 is divided by 222.
205
What is the remainder when 4331 is divided by 1056?
107
Calculate the remainder when 69024 is divided by 68987.
37
What is the remainder when 4501 is divided by 1263?
712
Calculate the remainder when 254331 is divided by 268.
267
What is the remainder when 126464 is divided by 15?
14
Calculate the remainder when 12425 is divided by 774.
41
Calculate the remainder when 67604 is divided by 72.
68
Calculate the remainder when 11161 is divided by 50.
11
What is the remainder when 58410 is divided by 73?
10
What is the remainder when 14803 is divided by 4932?
7
What is the remainder when 48795 is divided by 48788?